{"id":3172,"date":"2019-09-16T16:38:41","date_gmt":"2019-09-16T15:38:41","guid":{"rendered":"http:\/\/montceautriathlon.com\/blog\/?page_id=3172"},"modified":"2024-11-02T12:12:45","modified_gmt":"2024-11-02T11:12:45","slug":"pour-acceder-au-site","status":"publish","type":"page","link":"https:\/\/www.montceautriathlon.com\/blog\/pour-acceder-au-site\/","title":{"rendered":"Pour acc\u00e9der au site"},"content":{"rendered":"<ul>\n<li><a href=\"https:\/\/www.creusotmontceautourisme.fr\/sejourner\/pratique\/comment-venir\" target=\"_blank\" rel=\"noopener\">Comment venir \u00e0 Montceau-les-Mines<\/a> ?<\/li>\n<\/ul>\n<p><a href=\"http:\/\/montceautriathlon.com\/blog\/wp-content\/uploads\/2020\/02\/20181008-1641-vie_des_associations-montceau-panoraminique.jpg\" target=\"_blank\" rel=\"noopener\"><img data-attachment-id=\"3519\" data-permalink=\"https:\/\/www.montceautriathlon.com\/blog\/pour-acceder-au-site\/20181008-1641-vie_des_associations-montceau-panoraminique\/\" data-orig-file=\"https:\/\/www.montceautriathlon.com\/blog\/wp-content\/uploads\/2020\/02\/20181008-1641-vie_des_associations-montceau-panoraminique.jpg\" data-orig-size=\"1024,318\" data-comments-opened=\"1\" data-image-meta=\"{&quot;aperture&quot;:&quot;0&quot;,&quot;credit&quot;:&quot;&quot;,&quot;camera&quot;:&quot;&quot;,&quot;caption&quot;:&quot;&quot;,&quot;created_timestamp&quot;:&quot;0&quot;,&quot;copyright&quot;:&quot;&quot;,&quot;focal_length&quot;:&quot;0&quot;,&quot;iso&quot;:&quot;0&quot;,&quot;shutter_speed&quot;:&quot;0&quot;,&quot;title&quot;:&quot;&quot;,&quot;orientation&quot;:&quot;0&quot;}\" data-image-title=\"20181008-1641&#8211;vie_des_associations-montceau-panoraminique\" data-image-description=\"\" data-image-caption=\"\" data-medium-file=\"https:\/\/www.montceautriathlon.com\/blog\/wp-content\/uploads\/2020\/02\/20181008-1641-vie_des_associations-montceau-panoraminique-300x93.jpg\" data-large-file=\"https:\/\/www.montceautriathlon.com\/blog\/wp-content\/uploads\/2020\/02\/20181008-1641-vie_des_associations-montceau-panoraminique-1024x318.jpg\" loading=\"lazy\" class=\"alignnone wp-image-3519\" src=\"http:\/\/montceautriathlon.com\/blog\/wp-content\/uploads\/2020\/02\/20181008-1641-vie_des_associations-montceau-panoraminique-300x93.jpg\" alt=\"\" width=\"352\" height=\"109\" srcset=\"https:\/\/www.montceautriathlon.com\/blog\/wp-content\/uploads\/2020\/02\/20181008-1641-vie_des_associations-montceau-panoraminique-300x93.jpg 300w, https:\/\/www.montceautriathlon.com\/blog\/wp-content\/uploads\/2020\/02\/20181008-1641-vie_des_associations-montceau-panoraminique-768x239.jpg 768w, https:\/\/www.montceautriathlon.com\/blog\/wp-content\/uploads\/2020\/02\/20181008-1641-vie_des_associations-montceau-panoraminique.jpg 1024w\" sizes=\"(max-width: 352px) 100vw, 352px\" \/><\/a><\/p>\n<ul>\n<li>pour acc\u00e9der au site :<\/li>\n<li><a href=\"https:\/\/www.montceautriathlon.com\/blog\/acces-grands-parcs\/\" target=\"_blank\" rel=\"noopener\">Arriv\u00e9e aux Grands Parcs<\/a><\/li>\n<\/ul>\n\n\n<p><\/p>\n","protected":false},"excerpt":{"rendered":"<p>Comment venir \u00e0 Montceau-les-Mines ? pour acc\u00e9der au site : Arriv\u00e9e aux Grands Parcs<\/p>\n","protected":false},"author":5,"featured_media":0,"parent":0,"menu_order":0,"comment_status":"closed","ping_status":"closed","template":"","meta":{"spay_email":""},"jetpack_sharing_enabled":true,"jetpack_shortlink":"https:\/\/wp.me\/P8bwIy-Pa","jetpack-related-posts":[{"id":114,"url":"https:\/\/www.montceautriathlon.com\/blog\/acces\/","url_meta":{"origin":3172,"position":0},"title":"Acc\u00e8s","date":"10 mars 2016","format":false,"excerpt":"Comment venir \u00e0 Montceau-les-Mines ? acc\u00e8s aux Grands Parcs \u00a0","rel":"","context":"Article similaire","img":{"alt_text":"","src":"","width":0,"height":0},"classes":[]},{"id":41,"url":"https:\/\/www.montceautriathlon.com\/blog\/les-horaires\/","url_meta":{"origin":3172,"position":1},"title":"Les horaires","date":"13 novembre 2015","format":false,"excerpt":"Nouveau: cr\u00e9neaux famille: mardi de 18h30 \u00e0 19h30: course \u00e0 pied adultes et course \u00e0 pied jeunes mercredi de 18h \u00e0 19h: natation adultes et natation jeunes Course \u00e0 pied Les s\u00e9ances de course \u00e0 pied se d\u00e9roulent au stade Jean Bouveri (accueil c\u00f4t\u00e9 \u00e9tang du Plessis) \u00e0 Montceau Les\u2026","rel":"","context":"Article similaire","img":{"alt_text":"","src":"","width":0,"height":0},"classes":[]},{"id":43,"url":"https:\/\/www.montceautriathlon.com\/blog\/se-licencier-au-club\/","url_meta":{"origin":3172,"position":2},"title":"Se licencier au club","date":"13 novembre 2015","format":false,"excerpt":"PASS'CLUB : 1 mois d'essai gratuit ! PASS'SPORT : le club accepte le pass'sport si vous en \u00eates b\u00e9n\u00e9ficiaire. LICENCE 2025-2026 Vous pouvez d\u00e9s \u00e0 pr\u00e9sent prendre ou renouveler votre licence. Toute prise de\u00a0licence (nouvelle, renouvellement ou mutation) se fait sur le site de la FFTri : Espace Tri 2.0\u2026","rel":"","context":"Article similaire","img":{"alt_text":"","src":"","width":0,"height":0},"classes":[]},{"id":110,"url":"https:\/\/www.montceautriathlon.com\/blog\/hebergement\/","url_meta":{"origin":3172,"position":3},"title":"H\u00e9bergement (H\u00f4tel, g\u00eete, chambre d&rsquo;h\u00f4tes, camping)","date":"10 mars 2016","format":false,"excerpt":"O\u00f9 trouver un h\u00f4tel autour de Montceau-les-Mines ? Sur Montceau-les-Mines ibis Budget ibis Economique Nota Bene Le Konine H\u00f4tel Le France H\u00f4tel de Lucy Sur Blanzy : \u00e0 5km environ (9min) Le Maryland Sur Saint Eus\u00e8be : \u00e0 13km environ (16min) Le Pr\u00e9 au Bois Sur Montchanin (Proche gare TGV)\u2026","rel":"","context":"Article similaire","img":{"alt_text":"","src":"","width":0,"height":0},"classes":[]},{"id":7099,"url":"https:\/\/www.montceautriathlon.com\/blog\/acces-grands-parcs\/","url_meta":{"origin":3172,"position":4},"title":"acc\u00e8s grands parcs","date":"30 octobre 2024","format":false,"excerpt":"https:\/\/www.montceautriathlon.com\/blog\/wp-content\/uploads\/2024\/10\/acces-BR.jpg Le B&R de montceau se tient aux Grands Parcs .Accueil derri\u00e8re hotel Ibis. Au carrefour du Mc DO, direction restaurant antillais. Prendre la route d'acc\u00e8s juste en face. parking en bas \u00e0 droite. finir \u00e0 pieds en passant sous le tunnel.","rel":"","context":"Article similaire","img":{"alt_text":"","src":"","width":0,"height":0},"classes":[]},{"id":16,"url":"https:\/\/www.montceautriathlon.com\/blog\/presentation-du-club\/","url_meta":{"origin":3172,"position":5},"title":"Pr\u00e9sentation du club","date":"13 novembre 2015","format":false,"excerpt":"Historique Le club de triathlon de Montceau Les Mines\u00a0est n\u00e9\u00a0en 1999 sous l\u2019impulsion de\u00a03 licenci\u00e9s. Il est agr\u00e9\u00e9 Jeunesse et sports le 27\/11\/2000 En 2002, alors qu\u2019il ne compte que 17 licenci\u00e9s dont 5 jeunes,\u00a0le club\u00a0se lance dans l\u2019organisation de son premier aquathlon. En 2005, il compte d\u00e9j\u00e0 \u00a063 licenci\u00e9s\u00a0et\u2026","rel":"","context":"Article similaire","img":{"alt_text":"","src":"","width":0,"height":0},"classes":[]}],"_links":{"self":[{"href":"https:\/\/www.montceautriathlon.com\/blog\/wp-json\/wp\/v2\/pages\/3172"}],"collection":[{"href":"https:\/\/www.montceautriathlon.com\/blog\/wp-json\/wp\/v2\/pages"}],"about":[{"href":"https:\/\/www.montceautriathlon.com\/blog\/wp-json\/wp\/v2\/types\/page"}],"author":[{"embeddable":true,"href":"https:\/\/www.montceautriathlon.com\/blog\/wp-json\/wp\/v2\/users\/5"}],"replies":[{"embeddable":true,"href":"https:\/\/www.montceautriathlon.com\/blog\/wp-json\/wp\/v2\/comments?post=3172"}],"version-history":[{"count":38,"href":"https:\/\/www.montceautriathlon.com\/blog\/wp-json\/wp\/v2\/pages\/3172\/revisions"}],"predecessor-version":[{"id":7106,"href":"https:\/\/www.montceautriathlon.com\/blog\/wp-json\/wp\/v2\/pages\/3172\/revisions\/7106"}],"wp:attachment":[{"href":"https:\/\/www.montceautriathlon.com\/blog\/wp-json\/wp\/v2\/media?parent=3172"}],"curies":[{"name":"wp","href":"https:\/\/api.w.org\/{rel}","templated":true}]}}