{"id":16,"date":"2015-11-13T12:57:45","date_gmt":"2015-11-13T11:57:45","guid":{"rendered":"http:\/\/montceautriathlon.com\/blog\/?page_id=16"},"modified":"2021-03-21T18:00:06","modified_gmt":"2021-03-21T17:00:06","slug":"presentation-du-club","status":"publish","type":"page","link":"https:\/\/www.montceautriathlon.com\/blog\/presentation-du-club\/","title":{"rendered":"Pr\u00e9sentation du club"},"content":{"rendered":"<div class=\"entry-content\">\n<p><strong>Historique<\/strong><\/p>\n<p>Le club de triathlon de Montceau Les Mines\u00a0est n\u00e9\u00a0en 1999 sous l\u2019impulsion de\u00a03 licenci\u00e9s. Il est agr\u00e9\u00e9 Jeunesse et sports le 27\/11\/2000<\/p>\n<p>En 2002, alors qu\u2019il ne compte que 17 licenci\u00e9s dont 5 jeunes,\u00a0le club\u00a0se lance dans l\u2019organisation de son premier aquathlon.<\/p>\n<p>En 2005, il compte d\u00e9j\u00e0 \u00a063 licenci\u00e9s\u00a0et devient vite un des clubs importants de Bourgogne (6eme rang).<\/p>\n<p>En 2006, le club est reconnu \u00ab\u00a0Club formateur\u00a0\u00bb par la ligue et se dote d\u2019une structure sp\u00e9cifique permettant d\u2019accompagner les jeunes.<\/p>\n<p>En 2007, il compte 82 licenci\u00e9s dont 23 jeunes et organise diff\u00e9rentes manifestations en relation avec la ligue (meetings, stages\u2026)<\/p>\n<p>En 2011, le club\u00a0propose son 10eme aquathlon et se permet de r\u00eaver \u00e0 l\u2019organisation d\u2019un triathlon.<\/p>\n<p>En 2012, la barre des 100licenci\u00e9s est franchie.<\/p>\n<p>En 2013 premier triathlon \u00e0 Montceau avec un circuit v\u00e9lo en aller retour du lac du Plessis\u00a0 en direction de Marigny par la rue Varmancourt de Blanzy.<\/p>\n<p>En 2014 attribution de la demi-finale zone Grand Est des Championnats de France jeunes de triathlon.<\/p>\n<p>En 2015 r\u00e9\u00e9dition de cette demi-finale fort du succ\u00e8s de la pr\u00e9c\u00e9dente.<\/p>\n<p>Juin 2016, c&rsquo;est la finale des France Jeunes de Triathlon de minimes \u00e0 Junior Masculins et f\u00e9minines. gros succ\u00e8s. pr\u00e8s de 2000 personnes sur le site du Plessis.<\/p>\n<p>le club atteint les 160 licenci\u00e9s.<\/p>\n<p>En 2017, le club se voit attribuer les finales toutes cat\u00e9gories de minimes \u00e0 v\u00e9t\u00e9rans des Championnats de France d&rsquo;Aquathlon.<\/p>\n<p>En 2018, le club accueille d\u00e9but octobre la Coupe de France des clubs de Triathlon et de duathlon, plus grosse manifestation de la f\u00e9d\u00e9ration.<\/p>\n<p>En 2019, le club innove en proposant un raid au sein des Grands Parcs de la ville avec des cross duathlons pour les plus jeunes en attendant \u00e0 nouveau en juin 2020 une nouvelle organisation des France Jeunes de Triathlon comme en 2016.<\/p>\n<p>En 2020, ann\u00e9e horribilis en raison de la Covid 19, le club devait organiser les championnats de France Jeunes comme en 2016 au mois de juin. Ceux -ci ont \u00e9t\u00e9 d\u00e9cal\u00e9s en septembre avec l&rsquo;octroi des Championnats de France adultes courte distance. Une r\u00e9ussite exceptionnelle avec la venue du gratin du triathlon fran\u00e7ais aussi bien en f\u00e9minin qu&rsquo;en masculin et la pr\u00e9sence des champions du monde en titre.<\/p>\n<p>2021 devrait voir le club revenir \u00e0 ses origines avec l&rsquo;organisation d&rsquo;un aquathlon r\u00e9gional et la deuxi\u00e8me \u00e9dition du Raid de la Pyramide. Malgr\u00e9 la pand\u00e9mie, le club continue \u00e0 se structurer et voit son \u00e9cole de triathlon 2 \u00e9toiles compter plus de 50 licenci\u00e9s.<\/p>\n<\/div>\n","protected":false},"excerpt":{"rendered":"<p>Historique Le club de triathlon de Montceau Les Mines\u00a0est n\u00e9\u00a0en 1999 sous l\u2019impulsion de\u00a03 licenci\u00e9s. Il est agr\u00e9\u00e9 Jeunesse et sports le 27\/11\/2000 En 2002, alors qu\u2019il ne compte que 17 licenci\u00e9s dont 5 jeunes,\u00a0le club\u00a0se lance dans l\u2019organisation de son premier aquathlon. En 2005, il compte d\u00e9j\u00e0 \u00a063 licenci\u00e9s\u00a0et devient vite un des clubs [&hellip;]<\/p>\n","protected":false},"author":1,"featured_media":0,"parent":0,"menu_order":0,"comment_status":"closed","ping_status":"closed","template":"","meta":{"spay_email":""},"jetpack_sharing_enabled":true,"jetpack_shortlink":"https:\/\/wp.me\/P8bwIy-g","jetpack-related-posts":[{"id":21,"url":"https:\/\/www.montceautriathlon.com\/blog\/ecole-de-tri\/","url_meta":{"origin":16,"position":0},"title":"\u00c9cole de Tri","date":"13 novembre 2015","format":false,"excerpt":"Nous connaissons tous les richesses \u00e9ducatives de la natation, du v\u00e9lo et de la course \u00e0 pied. Le triathlon r\u00e9unit ces 3 disciplines et reste le sport de base, celui des gestes fondamentaux de l\u2019\u00e9ducation motrice de l\u2019enfant et de l\u2019adolescent. La pratique en club, c\u2019est l\u2019occasion pour eux de\u2026","rel":"","context":"Article similaire","img":{"alt_text":"","src":"","width":0,"height":0},"classes":[]},{"id":43,"url":"https:\/\/www.montceautriathlon.com\/blog\/se-licencier-au-club\/","url_meta":{"origin":16,"position":1},"title":"Se licencier au club","date":"13 novembre 2015","format":false,"excerpt":"PASS'CLUB : 1 mois d'essai gratuit ! PASS'SPORT : le club accepte le pass'sport si vous en \u00eates b\u00e9n\u00e9ficiaire. LICENCE 2025-2026 Vous pouvez d\u00e9s \u00e0 pr\u00e9sent prendre ou renouveler votre licence. Toute prise de\u00a0licence (nouvelle, renouvellement ou mutation) se fait sur le site de la FFTri : Espace Tri 2.0\u2026","rel":"","context":"Article similaire","img":{"alt_text":"","src":"","width":0,"height":0},"classes":[]},{"id":3747,"url":"https:\/\/www.montceautriathlon.com\/blog\/pass-club\/","url_meta":{"origin":16,"position":2},"title":"pass club","date":"20 ao\u00fbt 2020","format":false,"excerpt":"PASS CLUB Depuis 2013, la F\u00e9d\u00e9ration Fran\u00e7aise de Triathlon souhaite faciliter la d\u00e9couverte des disciplines encha\u00een\u00e9es \u00e0 tous les non-licenci\u00e9s en cr\u00e9ant le\u00a0PASS CLUB. Ce Pass permet \u00e0 tous les sportifs amateurs de tous \u00e2ges et tous niveaux de b\u00e9n\u00e9ficier gratuitement d\u2019un mois d\u2019essai au sein d\u2019un club de Triathlon\u2026","rel":"","context":"Article similaire","img":{"alt_text":"","src":"","width":0,"height":0},"classes":[]},{"id":41,"url":"https:\/\/www.montceautriathlon.com\/blog\/les-horaires\/","url_meta":{"origin":16,"position":3},"title":"Les horaires","date":"13 novembre 2015","format":false,"excerpt":"Nouveau: cr\u00e9neaux famille: mardi de 18h30 \u00e0 19h30: course \u00e0 pied adultes et course \u00e0 pied jeunes mercredi de 18h \u00e0 19h: natation adultes et natation jeunes Course \u00e0 pied Les s\u00e9ances de course \u00e0 pied se d\u00e9roulent au stade Jean Bouveri (accueil c\u00f4t\u00e9 \u00e9tang du Plessis) \u00e0 Montceau Les\u2026","rel":"","context":"Article similaire","img":{"alt_text":"","src":"","width":0,"height":0},"classes":[]},{"id":98,"url":"https:\/\/www.montceautriathlon.com\/blog\/programme\/","url_meta":{"origin":16,"position":4},"title":"PROGRAMME TRIATHLON","date":"10 mars 2016","format":false,"excerpt":"ATTENTION : Ce programme peut encore \u00eatre modifi\u00e9 (derni\u00e8re mise \u00e0 jour le 14\/03\/2026) Modifications en date du 23\/03\/2026 : Changement d'horaires + organisations des \u00e9preuves SAMEDI 23 MAI 2026 (\u00c9preuves OPEN) Jeunes 6-9 ans (J1) Restrictions: ouvert aux licenci\u00e9(e)s et non licenci\u00e9(e)s FFTri personnes n\u00e9es entre le 1 janv.\u2026","rel":"","context":"Article similaire","img":{"alt_text":"","src":"","width":0,"height":0},"classes":[]},{"id":12,"url":"https:\/\/www.montceautriathlon.com\/blog\/le-mot-du-president\/","url_meta":{"origin":16,"position":5},"title":"Le mot du pr\u00e9sident","date":"13 novembre 2015","format":false,"excerpt":"Des plus jeunes aux v\u00e9t\u00e9rans confirm\u00e9s, sportifs occasionnels ou comp\u00e9titeurs, pour leur simple plaisir ou le besoin de se surpasser, le triathlon et disciplines associ\u00e9es, permettent \u00e0 chacun, selon son niveau, de nager, rouler, courir, de pratiquer ou se sensibiliser aux joies de l\u2019encha\u00eenement. D\u00e9couverte ou comp\u00e9tition, le Triathlon, sport\u2026","rel":"","context":"Article similaire","img":{"alt_text":"","src":"","width":0,"height":0},"classes":[]}],"_links":{"self":[{"href":"https:\/\/www.montceautriathlon.com\/blog\/wp-json\/wp\/v2\/pages\/16"}],"collection":[{"href":"https:\/\/www.montceautriathlon.com\/blog\/wp-json\/wp\/v2\/pages"}],"about":[{"href":"https:\/\/www.montceautriathlon.com\/blog\/wp-json\/wp\/v2\/types\/page"}],"author":[{"embeddable":true,"href":"https:\/\/www.montceautriathlon.com\/blog\/wp-json\/wp\/v2\/users\/1"}],"replies":[{"embeddable":true,"href":"https:\/\/www.montceautriathlon.com\/blog\/wp-json\/wp\/v2\/comments?post=16"}],"version-history":[{"count":5,"href":"https:\/\/www.montceautriathlon.com\/blog\/wp-json\/wp\/v2\/pages\/16\/revisions"}],"predecessor-version":[{"id":3967,"href":"https:\/\/www.montceautriathlon.com\/blog\/wp-json\/wp\/v2\/pages\/16\/revisions\/3967"}],"wp:attachment":[{"href":"https:\/\/www.montceautriathlon.com\/blog\/wp-json\/wp\/v2\/media?parent=16"}],"curies":[{"name":"wp","href":"https:\/\/api.w.org\/{rel}","templated":true}]}}